 divisor of 15 and 341085.
15
What is the highest common factor of 252 and 511416?
36
Calculate the greatest common factor of 13349 and 28.
7
Calculate the highest common divisor of 2349 and 1377.
81
Calculate the greatest common divisor of 2343 and 1184777.
781
Calculate the greatest common factor of 12615 and 120.
15
Calculate the highest common factor of 1085 and 1705.
155
Calculate the greatest common divisor of 274664 and 8398.
494
Calculate the highest common factor of 19086 and 18.
6
What is the greatest common divisor of 28 and 256592?
28
Calculate the highest common divisor of 7848 and 8284.
436
What is the greatest common divisor of 75 and 13301175?
75
Calculate the highest common divisor of 300 and 136728.
12
What is the greatest common factor of 9710 and 60?
10
What is the greatest common factor of 411771 and 87?
87
What is the greatest common divisor of 185 and 501905?
185
What is the greatest common factor of 1216 and 2340952?
152
What is the greatest common divisor of 6014 and 194?
194
Calculate the greatest common divisor of 208 and 48334.
26
Calculate the greatest common divisor of 37177 and 658.
329
Calculate the highest common factor of 23490 and 11520.
90
Calculate the greatest common factor of 1070 and 165315.
535
Calculate the highest common factor of 53647 and 77.
11
Calculate the highest common divisor of 392 and 559727.
49
Calculate the greatest common divisor of 20 and 45020.
20
What is the highest common factor of 7750 and 1250?
250
What is the greatest common factor of 71 and 4798748?
71
Calculate the greatest common factor of 77 and 6993.
7
What is the highest common factor of 77 and 336?
7
Calculate the highest common divisor of 1088 and 2448.
272
What is the highest common factor of 114 and 12578?
38
What is the highest common divisor of 361997 and 138?
23
What is the highest common factor of 2401 and 30723?
49
Calculate the highest common factor of 26 and 151190.
26
Calculate the highest common divisor of 2747 and 28003.
41
What is the highest common divisor of 63 and 12999?
21
What is the greatest common factor of 412509 and 209?
19
What is the highest common divisor of 979 and 6622?
11
What is the highest common factor of 296075 and 351?
13
What is the greatest common factor of 24 and 26328?
24
What is the greatest common factor of 15 and 6597?
3
What is the highest common divisor of 32019 and 312?
39
Calculate the highest common divisor of 25 and 96050.
25
Calculate the highest common divisor of 73577 and 23307.
457
What is the greatest common divisor of 281214 and 2448?
306
Calculate the greatest common divisor of 442403 and 26.
13
What is the highest common factor of 155217 and 186?
93
Calculate the highest common divisor of 4118 and 638.
58
Calculate the greatest common divisor of 183140 and 340.
20
Calculate the highest common factor of 496 and 2276.
4
Calculate the greatest common divisor of 309 and 928339.
103
What is the greatest common factor of 441 and 1589?
7
What is the highest common divisor of 246183 and 1330?
133
What is the greatest common divisor of 44 and 52888?
44
What is the highest common divisor of 3567 and 261?
87
Calculate the highest common factor of 90362 and 6.
2
Calculate the greatest common factor of 38576 and 80.
16
Calculate the greatest common factor of 1272 and 97368.
24
What is the highest common factor of 33988 and 319?
29
What is the highest common factor of 8 and 3896?
8
Calculate the greatest common divisor of 93 and 39.
3
Calculate the greatest common divisor of 1 and 14641.
1
What is the highest common divisor of 23 and 9?
1
What is the highest common factor of 4617 and 10125?
81
Calculate the highest common divisor of 34 and 65399.
17
What is the highest common divisor of 504 and 61116?
12
What is the greatest common divisor of 3117 and 11429?
1039
Calculate the greatest common divisor of 15 and 57315.
15
Calculate the greatest common divisor of 2033304 and 84.
84
Calculate the highest common factor of 6268 and 164.
4
Calculate the greatest common factor of 212 and 167.
1
Calculate the greatest common divisor of 1271 and 1189.
41
What is the highest common factor of 41796 and 4500?
36
What is the highest common divisor of 1466499 and 3?
3
Calculate the highest common divisor of 1365 and 49803.
39
Calculate the greatest common factor of 372659 and 2919.
973
What is the greatest common divisor of 847889 and 1239?
413
What is the greatest common factor of 315 and 7650?
45
What is the highest common factor of 368 and 82064?
368
Calculate the greatest common divisor of 1075 and 13373.
43
What is the highest common divisor of 84 and 80073?
21
Calculate the highest common divisor of 932 and 43105.
233
Calculate the highest common factor of 1537 and 43884.
53
Calculate the greatest common factor of 1661162 and 6.
2
Calculate the highest common divisor of 3458 and 8918.
182
What is the highest common divisor of 2754 and 8534?
34
Calculate the greatest common factor of 4476124 and 213.
71
What is the greatest common factor of 71585 and 4170?
695
Calculate the greatest common divisor of 38801 and 5152.
161
What is the highest common divisor of 1195839 and 1035?
207
Calculate the highest common factor of 688 and 5048.
8
What is the greatest common factor of 228 and 528618?
114
What is the greatest common divisor of 88 and 4202?
22
What is the highest common divisor of 12 and 13204?
4
What is the greatest common factor of 458155 and 20?
5
Calculate the greatest common divisor of 2295 and 26265.
255
What is the highest common divisor of 2048 and 58368?
1024
Calculate the highest common divisor of 57 and 117933.
57
What is the highest common divisor of 62 and 403?
31
What is the greatest common divisor of 615 and 4319514?
123
What is the highest common divisor of 31494 and 145?
29
What is the highest common divisor of 7 and 8575?
7
Calculate the highest common divisor of 30 and 363195.
15
Calculate the highest common factor of 12 and 59298.
6
Calculate the highest common factor of 315 and 48090.
105
Calculate the greatest common divisor of 6786 and 3744.
234
Calculate the greatest common factor of 321425 and 2300.
575
What is the highest common factor of 32196 and 132?
12
Calculate the greatest common divisor of 3180 and 1080.
60
What is the greatest common divisor of 3836 and 22742?
274
What is the greatest common divisor of 237 and 445323?
237
Calculate the highest common divisor of 275 and 24145.
55
What is the highest common factor of 249978 and 732?
366
Calculate the greatest common divisor of 944 and 85432.
472
Calculate the greatest common divisor of 19575 and 1975.
25
Calculate the highest common factor of 237468 and 60.
12
Calculate the highest common divisor of 648 and 1992.
24
Calculate the highest common factor of 64 and 143776.
32
Calculate the highest common factor of 155 and 45167.
31
Calculate the highest common factor of 102 and 2265114.
102
Calculate the greatest common factor of 541 and 3175129.
541
Calculate the greatest common divisor of 82150 and 625.
25
Calculate the highest common factor of 63765 and 130455.
585
What is the greatest common divisor of 682 and 1967911?
341
What is the highest common factor of 38418 and 1482?
114
What is the highest common divisor of 72966 and 168?
6
Calculate the highest common divisor of 434658 and 23973.
393
Calculate the greatest common divisor of 45 and 28695.
15
Calculate the highest common divisor of 115 and 27163.
23
What is the greatest common factor of 236340 and 273?
39
What is the greatest common factor of 73159 and 298?
149
What is the greatest common divisor of 105 and 53445?
105
What is the greatest common factor of 9648 and 122409?
603
What is the highest common factor of 2738 and 3404?
74
What is the highest common factor of 10430 and 93030?
70
What is the greatest common factor of 135788 and 1328?
332
Calculate the greatest common factor of 561264 and 12.
12
Calculate the highest common factor of 4150 and 175.
25
Calculate the highest common factor of 192 and 2336.
32
What is the greatest common divisor of 964775 and 148?
37
What is the highest common factor of 1141179 and 12441?
1131
What is the greatest common factor of 163830 and 1935?
645
Calculate the greatest common factor of 5117 and 172.
43
Calculate